{"id":3,"date":"2020-08-24T20:08:34","date_gmt":"2020-08-24T20:08:34","guid":{"rendered":"https:\/\/foresteria.eu\/web\/?page_id=3"},"modified":"2022-10-21T16:07:09","modified_gmt":"2022-10-21T16:07:09","slug":"privacy-policy","status":"publish","type":"page","link":"https:\/\/foresteria.eu\/web\/privacy-policy\/","title":{"rendered":"Privacy Policy"},"content":{"rendered":"<div class=\"brz-root__container brz-reset-all\">\n<section data-uid=\"ptorenbcrvlbyavcybypwwmjjjolykmgxuop\" id=\"home\" class=\"brz-section brz-css-uwyot\">\n<div class=\"brz-section__content brz-section--boxed brz-css-nacyw brz-css-ifbpz\" data-custom-id=\"fswulqdkgvivubhjqrkmangrljxrzqcfbhzg\">\n<div class=\"brz-bg\">\n<div class=\"brz-bg-image\"><\/div>\n<div class=\"brz-bg-color\"><\/div>\n<div class=\"brz-bg-shape brz-bg-shape__bottom\"><\/div>\n<\/div>\n<div class=\"brz-container brz-css-duzsp\">\n<div class=\"brz-css-esylh brz-wrapper\">\n<div class=\"brz-rich-text brz-rich-text__custom brz-css-nwqvy\" data-custom-id=\"xnxrwowqxdlzegetdhmskfnmzdguanlanzwl\">\n<div>\n<h1 class=\"brz-css-vggfg\"><span class=\"brz-cp-color8\">Foresteria Lombarda da Colombina<\/span><\/h1>\n<\/div>\n<\/div>\n<\/div>\n<div class=\"brz-css-esylh brz-wrapper\">\n<div class=\"brz-rich-text brz-rich-text__custom brz-css-nwqvy\" data-custom-id=\"jvfjoyxlnwlrctrikkqdbmiytsikpuxojndc\">\n<div>\n<h1 class=\"brz-css-makim\"><span class=\"brz-cp-color8\">Affittacamere &#8211; Room for Rent<\/span><\/h1>\n<\/div>\n<\/div>\n<\/div>\n<div class=\"brz-css-esylh brz-css-pjonw brz-css-dyinv brz-wrapper\">\n<div class=\"brz-spacer brz-css-vtrte brz-css-zubnz\"><\/div>\n<\/div>\n<div class=\"brz-css-esylh brz-css-pjonw brz-wrapper\">\n<div class=\"brz-spacer brz-css-vtrte brz-css-tjjwy\"><\/div>\n<\/div>\n<\/div>\n<\/div>\n<\/section>\n<section data-uid=\"zodnejshkcbdjszeopuamdsxtyjbmdwwvmrh\" id=\"zodnejshkcbdjszeopuamdsxtyjbmdwwvmrh\" class=\"brz-section brz-css-uwyot\">\n<div class=\"brz-section__content brz-section--boxed brz-css-nacyw brz-css-pfzwz\" data-custom-id=\"cxlnvjmookgrqyjczwqsvryagzolyixlhjyk\">\n<div class=\"brz-container brz-css-duzsp\">\n<div class=\"brz-css-esylh brz-wrapper\">\n<div class=\"brz-rich-text brz-rich-text__custom brz-css-nwqvy\" data-custom-id=\"bxlwvginkwkebgyssocnyscoobulvgwbaszr\">\n<div>\n<p class=\"brz-css-xbdya\"><strong class=\"brz-cp-color5\">PRIVACY POLICY<\/strong><\/p>\n<\/div>\n<\/div>\n<\/div>\n<div class=\"brz-row__container brz-css-tkfiz\" data-custom-id=\"uzvgqrirnoxzwezsxttkyxwmvmyfvqrqkaiv\">\n<div class=\"brz-bg\"><\/div>\n<div class=\"brz-row brz-css-yhtqz brz-css-tdkhw\">\n<div class=\"brz-columns brz-css-pdkwe brz-css-gvvkg\" data-custom-id=\"iudwjhbomdickstzhtmzfemicacijwwdppvi\">\n<div class=\"brz-bg\"><\/div>\n<div class=\"brz-column__items brz-css-rinjy brz-css-cppgw\">\n<div class=\"brz-css-esylh brz-wrapper\">\n<div class=\"brz-rich-text brz-rich-text__custom brz-css-nwqvy\" data-custom-id=\"eymtujejdhkqylqgcwzoaicvpkfsdnaleber\">\n<div>\n<p class=\"brz-css-kiizq\"><span class=\"brz-cp-color7\">Informativa sul trattamento dei dati personali dei Clienti ai sensi degli art. 13 del D. lgs. 196\/03 (nel seguito \u201cCodice\u201d) e artt. 13 e 14 del Regolamento 2016\/679\/UE (nel seguito \u201cGDPR\u201d) FORESTERIA LOMBARA DA COLOMBINA (nel seguito \u201cTitolare\u201d) con sede in Grandola ed Uniti, via Italia 56 (CO), nella sua veste di \u201cTitolare del trattamento\u201d, La informa che i Suoi dati personali raccolti per l\u2019instaurazione e la gestione del rapporto di \u201cprestazione professionale\u201d relativamente alla attivit\u00e0 dell&#8217;associazione da Lei richiesta e saranno trattati nel rispetto delle normativa citata, al fine di garantire i diritti, le libert\u00e0 fondamentali, nonch\u00e9 la dignit\u00e0 delle persone fisiche, con particolare riferimento alla riservatezza e all&#8217;identit\u00e0 personale. La informiamo che qualora le attivit\u00e0 a lei prestate prevedano il trattamento di dati personali di terzi nella sua titolarit\u00e0 sar\u00e0 sua responsabilit\u00e0 assicurare di aver adempiuto a quanto previsto dalla normativa nei riguardi dei soggetti Interessati al fine di rendere legittimo il loro trattamento da parte nostra. Origine, finalit\u00e0, base giuridica e natura dei dati trattati Il trattamento dei Suoi dati personali, da Lei direttamente forniti, \u00e8 effettuato da FORESTERIA LOMBARA DA COLOMBINA per l\u2019assolvimento degli obblighi derivanti da norme di legge, regolamenti, normativa comunitaria, normative di legge nonch\u00e9 di quanto contrattualmente convenuto con l\u2019incarico da Lei affidatoci ed ha ad oggetto: i dati anagrafici, fiscali, contabili e gli estremi del conto corrente bancario Suoi e degli eventuali componenti del Suo nucleo familiare da Lei comunicati. Essi sono trattati in particolare per adempiere a quanto richiesto in materia di tenuta della contabilit\u00e0, per dare corso agli adempimenti di natura amministrativa secondo norme di legge; adempimento a obblighi contrattuali, esecuzione e\/o stipulazione del contratto col Cliente e\/o gestione di eventuali misure precontrattuali; i dati relativi alle forme di comunicazione anche interattive utilizzabili per lo scambio di informazioni con FORESTERIA LOMBARA DA COLOMBINA quali indirizzi e-mail, numerazioni telefoniche di rete fissa e mobile, utenze per strumenti di comunicazione via PC, tablet, smartphone che impiegano una connessione dati o internet; <\/span><\/p>\n<\/div>\n<\/div>\n<\/div>\n<div class=\"brz-css-esylh brz-wrapper\">\n<div class=\"brz-rich-text brz-rich-text__custom brz-css-nwqvy\" data-custom-id=\"kikdqgusmurmvltlfflntsitljdxqomszpir\">\n<div>\n<p class=\"brz-css-lhgtu\"><span class=\"brz-cp-color7\">\u00c8 prevista la comunicazione dei Suoi dati personali, effettuate in base agli obblighi previsti dalla legge, per dare seguito agli adempimenti da Lei richiesti ovvero connaturati all\u2019incarico ricevuto, nonch\u00e9 da eventuali deleghe da Lei conferite. I Suoi dati personali, ovvero i dati personali di terzi nella sua titolarit\u00e0, potranno altres\u00ec essere comunicati a societ\u00e0 esterne, individuate di volta in volta, cui FORESTERIA LOMBARA DA COLOMBINA affidi l&#8217;esecuzione di obblighi derivanti dall\u2019incarico ricevuto alle quali saranno trasmessi i soli dati necessari alle attivit\u00e0 loro richieste. Tutti i dipendenti, consulenti, interinali e\/o ogni altra \u201cpersona fisica\u201d che svolgono la propria attivit\u00e0 sulla base delle istruzioni ricevute da FORESTERIA LOMBARA DA COLOMBINA, ai sensi dell\u2019art. 30 del Codice e art. 29 del GDPR, sono nominati \u201cIncaricati del trattamento\u201d (nel seguito anche \u201cIncaricati\u201d). Agli Incaricati o ai Responsabili, eventualmente designati, FORESTERIA LOMBARA DA COLOMBINA impartisce adeguate istruzioni operative, con particolare riferimento all\u2019adozione ed al rispetto delle misure di sicurezza, al fine di poter garantire la riservatezza e la sicurezza dei dati. Proprio in riferimento agli aspetti di protezione dei dati personali il Cliente \u00e8 invitato, ai sensi dell\u2019art. 33 del GDPR a segnalare a FORESTERIA LOMBARA DA COLOMBINA eventuali circostanze o eventi dai quali possa discendere una potenziale \u201cviolazione dei dati personali (data Breach)\u201d al fine di consentire una immediata valutazione e l\u2019adozione di eventuali azioni volte a contrastare tale evento inviando una comunicazione a FORESTERIA LOMBARA DA COLOMBINA ai recapiti nel seguito indicati. Resta fermo l&#8217;obbligo di FORESTERIA LOMBARA DA COLOMBINA di comunicare i dati ad Autorit\u00e0 Pubbliche su specifica richiesta. Trasferimento all\u2019estero trasferimento all&#8217;estero dei Suoi dati personali pu\u00f2 avvenire qualora risulti necessario per la gestione dell\u2019incarico ricevuto. In ogni caso saranno comunicati i soli dati necessari al perseguimento degli scopi previsti e saranno applicati gli strumenti normativi previsti dagli artt. 43 e 44 del Codice e dal Capo V del GDPR. Modalit\u00e0, logiche del trattamento e tempi di conservazione Suoi dati sono raccolti e registrati in modo lecito e secondo correttezza per le finalit\u00e0 sopra indicate nel rispetto dei principi e delle prescrizioni di cui all\u2019art. 11 del Codice e 5 c 1 del GDPR. Il trattamento dei dati personali avviene mediante strumenti manuali, informatici e telematici con logiche strettamente correlate alle finalit\u00e0 stesse e, comunque, in modo da garantirne la sicurezza e la riservatezza. I Dati personali verranno trattati da FORESTERIA LOMBARA DA COLOMBINA per tutta la durata dell\u2019incarico ed anche successivamente per far valere o tutelare i propri diritti ovvero per finalit\u00e0 amministrative e\/o per dare esecuzione ad obblighi derivanti dal quadro regolamentare e normativo pro tempore applicabile e nel rispetto degli specifici obblighi di legge sulla conservazione dei dati. Natura del conferimento In relazione alle suddette finalit\u00e0 il conferimento dei Suoi dati \u00e8 indispensabile ai fini dell&#8217;esecuzione dell\u2019incarico tra Lei e FORESTERIA LOMBARA DA COLOMBINA e per consentire a FORESTERIA LOMBARA DA COLOMBINA di dare seguito agli adempimenti previsti dalle normative applicabili: in assenza di tali dati personali \u00e8 impossibile instaurare e mantenere l\u2019incarico tra Lei e FORESTERIA LOMBARA DA COLOMBINA. La informiamo, quindi, che il trattamento dei dati personali avviene sulla base delle previsioni di cui all\u2019art. 24 c. 1 lett. b) del Codice e art. 6 c. 1 b) del GDPR.<\/span><\/p>\n<\/div>\n<\/div>\n<\/div>\n<div class=\"brz-css-esylh brz-wrapper\">\n<div class=\"brz-rich-text brz-rich-text__custom brz-css-nwqvy\" data-custom-id=\"uydiidvebrdccrryduuxtlvnkfrccktabpri\">\n<div>\n<p class=\"brz-css-zqfwi\"><strong class=\"brz-cp-color7\">Diritti dell\u2019Interessato<\/strong><span class=\"brz-cp-color7\"> <\/span><\/p>\n<p class=\"brz-css-kmphb\"><span class=\"brz-cp-color7\">In conformit\u00e0, nei limiti ed alle condizioni previste dalla normativa in materia di protezione dati personali riguardo l&#8217;esercizio dei diritti degli Interessati per quanto concerne i trattamenti oggetto della presente Informativa, in qualit\u00e0 di Interessato Lei ha il diritto di\u00a0chiedere conferma che sia o meno in corso un trattamento di suoi dati personali, accedere ai dati personali che La riguardano ed in relazione ad essi ha il diritto di richiederne la rettifica, la cancellazione, la notifica delle rettifiche e delle cancellazioni ai coloro i quali i dati sono stati eventualmente trasmessi dalla nostra Organizzazione, la limitazione del trattamento nelle ipotesi previste dalla norma, la portabilit\u00e0 dei dati personali-\u00a0da Lei forniti-\u00a0nei casi indicati dalla norma,\u00a0di opporsi al trattamento dei suoi dati e, specificamente, ha il diritto di opporsi a decisioni che lo riguardano se basate unicamente su trattamenti automatizzati dei suoi dati, profilazione inclusa. Nel caso in cui ritenga che i trattamenti che La riguardano violino le norme del GDPR, ha diritto a proporre reclamo al Garante ai sensi dell\u2019art. 77 del GDPR. Se intende richiedere ulteriori informazioni sul trattamento dei Suoi dati personali o per l&#8217;eventuale esercizio dei Suoi diritti, potr\u00e0 rivolgersi per iscritto a FORESTERIA LOMBARA DA COLOMBINA<\/span><\/p>\n<\/div>\n<\/div>\n<\/div>\n<\/div>\n<\/div>\n<div class=\"brz-columns brz-css-pdkwe brz-css-jyshd\" data-custom-id=\"qjcrezzopmemsxjbdxaycdtahlmimtjpyldi\">\n<div class=\"brz-bg\"><\/div>\n<div class=\"brz-column__items brz-css-rinjy brz-css-lwysq\">\n<div class=\"brz-css-esylh brz-wrapper\">\n<div class=\"brz-rich-text brz-rich-text__custom brz-css-nwqvy\" data-custom-id=\"bkkhfcdijnthsodxzcvobkcgpywrqzcaltjm\">\n<div>\n<p class=\"brz-css-voyis\"><a href=\"https:\/\/foresteria.eu\/web\/home-page\/\" class=\"brz-cp-color2 link--external\" data-brz-link-type=\"external\">Torna al Sito<\/a><\/p>\n<\/div>\n<\/div>\n<\/div>\n<div class=\"brz-css-esylh brz-css-werez brz-wrapper\">\n<div class=\"brz-image brz-css-rocps\"><img class=\"brz-img\" src=\"https:\/\/foresteria.eu\/web\/wp-content\/uploads\/brizy\/imgs\/panorama2-1-275x367x0x79x275x209x1598896181.jpeg\" alt=\"\" loading=\"lazy\" \/><\/div>\n<\/div>\n<\/div>\n<\/div>\n<\/div>\n<\/div>\n<div class=\"brz-row__container brz-css-tkfiz\" data-custom-id=\"napkpkkordrldvtsqxpdpaecoxkodybdvswy\">\n<div class=\"brz-bg\"><\/div>\n<div class=\"brz-row brz-css-yhtqz brz-css-tdkhw\">\n<div class=\"brz-columns brz-css-pdkwe brz-css-suhgc\" data-custom-id=\"ejaplnflrhxeeuxfxnqemqokdlrjmiliexdh\">\n<div class=\"brz-bg\"><\/div>\n<div class=\"brz-column__items brz-css-rinjy\">\n<div class=\"brz-css-esylh brz-css-pjonw brz-css-iyjda brz-wrapper\">\n<div class=\"brz-spacer brz-css-vtrte\"><\/div>\n<\/div>\n<\/div>\n<\/div>\n<\/div>\n<\/div>\n<\/div>\n<\/div>\n<\/section>\n<\/div>\n<p><!-- version:1666368429 --><\/p>\n","protected":false},"excerpt":{"rendered":"<p>Foresteria Lombarda da Colombina Affittacamere &#8211; Room for Rent PRIVACY POLICY Informativa sul trattamento dei dati personali dei Clienti ai sensi degli art. 13 del D. lgs. 196\/03 (nel seguito \u201cCodice\u201d) e artt. 13 e 14 del Regolamento 2016\/679\/UE (nel seguito \u201cGDPR\u201d) FORESTERIA LOMBARA DA COLOMBINA (nel seguito \u201cTitolare\u201d) con sede in Grandola ed Uniti, [&hellip;]<\/p>\n","protected":false},"author":1,"featured_media":0,"parent":0,"menu_order":0,"comment_status":"closed","ping_status":"closed","template":"brizy-blank-template.php","meta":[],"_links":{"self":[{"href":"https:\/\/foresteria.eu\/web\/wp-json\/wp\/v2\/pages\/3"}],"collection":[{"href":"https:\/\/foresteria.eu\/web\/wp-json\/wp\/v2\/pages"}],"about":[{"href":"https:\/\/foresteria.eu\/web\/wp-json\/wp\/v2\/types\/page"}],"author":[{"embeddable":true,"href":"https:\/\/foresteria.eu\/web\/wp-json\/wp\/v2\/users\/1"}],"replies":[{"embeddable":true,"href":"https:\/\/foresteria.eu\/web\/wp-json\/wp\/v2\/comments?post=3"}],"version-history":[{"count":12,"href":"https:\/\/foresteria.eu\/web\/wp-json\/wp\/v2\/pages\/3\/revisions"}],"predecessor-version":[{"id":2713,"href":"https:\/\/foresteria.eu\/web\/wp-json\/wp\/v2\/pages\/3\/revisions\/2713"}],"wp:attachment":[{"href":"https:\/\/foresteria.eu\/web\/wp-json\/wp\/v2\/media?parent=3"}],"curies":[{"name":"wp","href":"https:\/\/api.w.org\/{rel}","templated":true}]}}

<div class="brz-root__container brz-reset-all">
<section data-uid="ptorenbcrvlbyavcybypwwmjjjolykmgxuop" id="home" class="brz-section brz-css-uwyot">
<div class="brz-section__content brz-section--boxed brz-css-nacyw brz-css-ifbpz" data-custom-id="fswulqdkgvivubhjqrkmangrljxrzqcfbhzg">
<div class="brz-bg">
<div class="brz-bg-image"></div>
<div class="brz-bg-color"></div>
<div class="brz-bg-shape brz-bg-shape__bottom"></div>
</div>
<div class="brz-container brz-css-duzsp">
<div class="brz-css-esylh brz-wrapper">
<div class="brz-rich-text brz-rich-text__custom brz-css-nwqvy" data-custom-id="xnxrwowqxdlzegetdhmskfnmzdguanlanzwl">
<div>
<h1 class="brz-css-vggfg"><span class="brz-cp-color8">Foresteria Lombarda da Colombina</span></h1>
</div>
</div>
</div>
<div class="brz-css-esylh brz-wrapper">
<div class="brz-rich-text brz-rich-text__custom brz-css-nwqvy" data-custom-id="jvfjoyxlnwlrctrikkqdbmiytsikpuxojndc">
<div>
<h1 class="brz-css-makim"><span class="brz-cp-color8">Affittacamere &#8211; Room for Rent</span></h1>
</div>
</div>
</div>
<div class="brz-css-esylh brz-css-pjonw brz-css-dyinv brz-wrapper">
<div class="brz-spacer brz-css-vtrte brz-css-zubnz"></div>
</div>
<div class="brz-css-esylh brz-css-pjonw brz-wrapper">
<div class="brz-spacer brz-css-vtrte brz-css-tjjwy"></div>
</div>
</div>
</div>
</section>
<section data-uid="zodnejshkcbdjszeopuamdsxtyjbmdwwvmrh" id="zodnejshkcbdjszeopuamdsxtyjbmdwwvmrh" class="brz-section brz-css-uwyot">
<div class="brz-section__content brz-section--boxed brz-css-nacyw brz-css-pfzwz" data-custom-id="cxlnvjmookgrqyjczwqsvryagzolyixlhjyk">
<div class="brz-container brz-css-duzsp">
<div class="brz-css-esylh brz-wrapper">
<div class="brz-rich-text brz-rich-text__custom brz-css-nwqvy" data-custom-id="bxlwvginkwkebgyssocnyscoobulvgwbaszr">
<div>
<p class="brz-css-xbdya"><strong class="brz-cp-color5">PRIVACY POLICY</strong></p>
</div>
</div>
</div>
<div class="brz-row__container brz-css-tkfiz" data-custom-id="uzvgqrirnoxzwezsxttkyxwmvmyfvqrqkaiv">
<div class="brz-bg"></div>
<div class="brz-row brz-css-yhtqz brz-css-tdkhw">
<div class="brz-columns brz-css-pdkwe brz-css-gvvkg" data-custom-id="iudwjhbomdickstzhtmzfemicacijwwdppvi">
<div class="brz-bg"></div>
<div class="brz-column__items brz-css-rinjy brz-css-cppgw">
<div class="brz-css-esylh brz-wrapper">
<div class="brz-rich-text brz-rich-text__custom brz-css-nwqvy" data-custom-id="eymtujejdhkqylqgcwzoaicvpkfsdnaleber">
<div>
<p class="brz-css-kiizq"><span class="brz-cp-color7">Informativa sul trattamento dei dati personali dei Clienti ai sensi degli art. 13 del D. lgs. 196/03 (nel seguito “Codice”) e artt. 13 e 14 del Regolamento 2016/679/UE (nel seguito “GDPR”) FORESTERIA LOMBARA DA COLOMBINA (nel seguito “Titolare”) con sede in Grandola ed Uniti, via Italia 56 (CO), nella sua veste di “Titolare del trattamento”, La informa che i Suoi dati personali raccolti per l’instaurazione e la gestione del rapporto di “prestazione professionale” relativamente alla attività dell&#8217;associazione da Lei richiesta e saranno trattati nel rispetto delle normativa citata, al fine di garantire i diritti, le libertà fondamentali, nonché la dignità delle persone fisiche, con particolare riferimento alla riservatezza e all&#8217;identità personale. La informiamo che qualora le attività a lei prestate prevedano il trattamento di dati personali di terzi nella sua titolarità sarà sua responsabilità assicurare di aver adempiuto a quanto previsto dalla normativa nei riguardi dei soggetti Interessati al fine di rendere legittimo il loro trattamento da parte nostra. Origine, finalità, base giuridica e natura dei dati trattati Il trattamento dei Suoi dati personali, da Lei direttamente forniti, è effettuato da FORESTERIA LOMBARA DA COLOMBINA per l’assolvimento degli obblighi derivanti da norme di legge, regolamenti, normativa comunitaria, normative di legge nonché di quanto contrattualmente convenuto con l’incarico da Lei affidatoci ed ha ad oggetto: i dati anagrafici, fiscali, contabili e gli estremi del conto corrente bancario Suoi e degli eventuali componenti del Suo nucleo familiare da Lei comunicati. Essi sono trattati in particolare per adempiere a quanto richiesto in materia di tenuta della contabilità, per dare corso agli adempimenti di natura amministrativa secondo norme di legge; adempimento a obblighi contrattuali, esecuzione e/o stipulazione del contratto col Cliente e/o gestione di eventuali misure precontrattuali; i dati relativi alle forme di comunicazione anche interattive utilizzabili per lo scambio di informazioni con FORESTERIA LOMBARA DA COLOMBINA quali indirizzi e-mail, numerazioni telefoniche di rete fissa e mobile, utenze per strumenti di comunicazione via PC, tablet, smartphone che impiegano una connessione dati o internet; </span></p>
</div>
</div>
</div>
<div class="brz-css-esylh brz-wrapper">
<div class="brz-rich-text brz-rich-text__custom brz-css-nwqvy" data-custom-id="kikdqgusmurmvltlfflntsitljdxqomszpir">
<div>
<p class="brz-css-lhgtu"><span class="brz-cp-color7">È prevista la comunicazione dei Suoi dati personali, effettuate in base agli obblighi previsti dalla legge, per dare seguito agli adempimenti da Lei richiesti ovvero connaturati all’incarico ricevuto, nonché da eventuali deleghe da Lei conferite. I Suoi dati personali, ovvero i dati personali di terzi nella sua titolarità, potranno altresì essere comunicati a società esterne, individuate di volta in volta, cui FORESTERIA LOMBARA DA COLOMBINA affidi l&#8217;esecuzione di obblighi derivanti dall’incarico ricevuto alle quali saranno trasmessi i soli dati necessari alle attività loro richieste. Tutti i dipendenti, consulenti, interinali e/o ogni altra “persona fisica” che svolgono la propria attività sulla base delle istruzioni ricevute da FORESTERIA LOMBARA DA COLOMBINA, ai sensi dell’art. 30 del Codice e art. 29 del GDPR, sono nominati “Incaricati del trattamento” (nel seguito anche “Incaricati”). Agli Incaricati o ai Responsabili, eventualmente designati, FORESTERIA LOMBARA DA COLOMBINA impartisce adeguate istruzioni operative, con particolare riferimento all’adozione ed al rispetto delle misure di sicurezza, al fine di poter garantire la riservatezza e la sicurezza dei dati. Proprio in riferimento agli aspetti di protezione dei dati personali il Cliente è invitato, ai sensi dell’art. 33 del GDPR a segnalare a FORESTERIA LOMBARA DA COLOMBINA eventuali circostanze o eventi dai quali possa discendere una potenziale “violazione dei dati personali (data Breach)” al fine di consentire una immediata valutazione e l’adozione di eventuali azioni volte a contrastare tale evento inviando una comunicazione a FORESTERIA LOMBARA DA COLOMBINA ai recapiti nel seguito indicati. Resta fermo l&#8217;obbligo di FORESTERIA LOMBARA DA COLOMBINA di comunicare i dati ad Autorità Pubbliche su specifica richiesta. Trasferimento all’estero trasferimento all&#8217;estero dei Suoi dati personali può avvenire qualora risulti necessario per la gestione dell’incarico ricevuto. In ogni caso saranno comunicati i soli dati necessari al perseguimento degli scopi previsti e saranno applicati gli strumenti normativi previsti dagli artt. 43 e 44 del Codice e dal Capo V del GDPR. Modalità, logiche del trattamento e tempi di conservazione Suoi dati sono raccolti e registrati in modo lecito e secondo correttezza per le finalità sopra indicate nel rispetto dei principi e delle prescrizioni di cui all’art. 11 del Codice e 5 c 1 del GDPR. Il trattamento dei dati personali avviene mediante strumenti manuali, informatici e telematici con logiche strettamente correlate alle finalità stesse e, comunque, in modo da garantirne la sicurezza e la riservatezza. I Dati personali verranno trattati da FORESTERIA LOMBARA DA COLOMBINA per tutta la durata dell’incarico ed anche successivamente per far valere o tutelare i propri diritti ovvero per finalità amministrative e/o per dare esecuzione ad obblighi derivanti dal quadro regolamentare e normativo pro tempore applicabile e nel rispetto degli specifici obblighi di legge sulla conservazione dei dati. Natura del conferimento In relazione alle suddette finalità il conferimento dei Suoi dati è indispensabile ai fini dell&#8217;esecuzione dell’incarico tra Lei e FORESTERIA LOMBARA DA COLOMBINA e per consentire a FORESTERIA LOMBARA DA COLOMBINA di dare seguito agli adempimenti previsti dalle normative applicabili: in assenza di tali dati personali è impossibile instaurare e mantenere l’incarico tra Lei e FORESTERIA LOMBARA DA COLOMBINA. La informiamo, quindi, che il trattamento dei dati personali avviene sulla base delle previsioni di cui all’art. 24 c. 1 lett. b) del Codice e art. 6 c. 1 b) del GDPR.</span></p>
</div>
</div>
</div>
<div class="brz-css-esylh brz-wrapper">
<div class="brz-rich-text brz-rich-text__custom brz-css-nwqvy" data-custom-id="uydiidvebrdccrryduuxtlvnkfrccktabpri">
<div>
<p class="brz-css-zqfwi"><strong class="brz-cp-color7">Diritti dell’Interessato</strong><span class="brz-cp-color7"> </span></p>
<p class="brz-css-kmphb"><span class="brz-cp-color7">In conformità, nei limiti ed alle condizioni previste dalla normativa in materia di protezione dati personali riguardo l&#8217;esercizio dei diritti degli Interessati per quanto concerne i trattamenti oggetto della presente Informativa, in qualità di Interessato Lei ha il diritto di chiedere conferma che sia o meno in corso un trattamento di suoi dati personali, accedere ai dati personali che La riguardano ed in relazione ad essi ha il diritto di richiederne la rettifica, la cancellazione, la notifica delle rettifiche e delle cancellazioni ai coloro i quali i dati sono stati eventualmente trasmessi dalla nostra Organizzazione, la limitazione del trattamento nelle ipotesi previste dalla norma, la portabilità dei dati personali- da Lei forniti- nei casi indicati dalla norma, di opporsi al trattamento dei suoi dati e, specificamente, ha il diritto di opporsi a decisioni che lo riguardano se basate unicamente su trattamenti automatizzati dei suoi dati, profilazione inclusa. Nel caso in cui ritenga che i trattamenti che La riguardano violino le norme del GDPR, ha diritto a proporre reclamo al Garante ai sensi dell’art. 77 del GDPR. Se intende richiedere ulteriori informazioni sul trattamento dei Suoi dati personali o per l&#8217;eventuale esercizio dei Suoi diritti, potrà rivolgersi per iscritto a FORESTERIA LOMBARA DA COLOMBINA</span></p>
</div>
</div>
</div>
</div>
</div>
<div class="brz-columns brz-css-pdkwe brz-css-jyshd" data-custom-id="qjcrezzopmemsxjbdxaycdtahlmimtjpyldi">
<div class="brz-bg"></div>
<div class="brz-column__items brz-css-rinjy brz-css-lwysq">
<div class="brz-css-esylh brz-wrapper">
<div class="brz-rich-text brz-rich-text__custom brz-css-nwqvy" data-custom-id="bkkhfcdijnthsodxzcvobkcgpywrqzcaltjm">
<div>
<p class="brz-css-voyis"><a href="https://foresteria.eu/web/home-page/" class="brz-cp-color2 link--external" data-brz-link-type="external">Torna al Sito</a></p>
</div>
</div>
</div>
<div class="brz-css-esylh brz-css-werez brz-wrapper">
<div class="brz-image brz-css-rocps"><img class="brz-img" src="https://foresteria.eu/web/wp-content/uploads/brizy/imgs/panorama2-1-275x367x0x79x275x209x1598896181.jpeg" alt="" loading="lazy" /></div>
</div>
</div>
</div>
</div>
</div>
<div class="brz-row__container brz-css-tkfiz" data-custom-id="napkpkkordrldvtsqxpdpaecoxkodybdvswy">
<div class="brz-bg"></div>
<div class="brz-row brz-css-yhtqz brz-css-tdkhw">
<div class="brz-columns brz-css-pdkwe brz-css-suhgc" data-custom-id="ejaplnflrhxeeuxfxnqemqokdlrjmiliexdh">
<div class="brz-bg"></div>
<div class="brz-column__items brz-css-rinjy">
<div class="brz-css-esylh brz-css-pjonw brz-css-iyjda brz-wrapper">
<div class="brz-spacer brz-css-vtrte"></div>
</div>
</div>
</div>
</div>
</div>
</div>
</div>
</section>
</div>
<p><!-- version:1666368429 --></p>
